 number?
False
Suppose -4*t = -66 - 10. Let a(o) = -19*o + t - 45 - 3. Is a(-8) prime?
False
Let v = 82 - -478. Suppose 0 = -5*s + 435 + v. Is s a composite number?
False
Suppose 98121 - 26119 = 2*b - 26544. Is b a composite number?
True
Let a = -303 - -197. Let t = a - -15. Let l = 150 + t. Is l prime?
True
Let y = -29 - -25. Let x be (927/(-12))/(1/y). Suppose 0 = -2*w + x + 205. Is w composite?
False
Let z = 2 - 4. Let h be 1 + (2 + z - 0). Is (4 - (-674)/2)/h a prime number?
False
Suppose -155969526 = 275*f - 350*f - 35897751. Is f a prime number?
True
Is ((-53)/(-2))/(24/834096) a prime number?
False
Let c be 2/(8/(-6))*(-4)/3. Suppose c*i + 524 = 2622. Is i composite?
False
Let z = -60 - -59. Let q be z/2 + (-60027)/(-34). Let j = q + -116. Is j prime?
False
Is 19490903/732 + (-1)/(-12) a composite number?
False
Let x be (4/(-2))/((-10)/15). Suppose -4*z + 4 = 2*o, 5*o + 1 + x = -3*z. Is -2 + o/1 - -99 a composite number?
True
Let p = -225366 - -425653. Is p a composite number?
True
Let g = -213074 + 412225. Is g composite?
False
Let n = 76 - 74. Is ((277080/5)/(-12))/(n*-1) a composite number?
False
Let d be 4/(-1) - (-1 - (4 + 5)). Let l be d*4*(-5)/(-20). Let q(p) = 8*p**2 - 30*p - 5. Is q(l) a composite number?
False
Let v be 10/45*-15*(-80874)/15. Is (46/92)/(2/v) composite?
False
Suppose 2*x + 2*r + 24 = 0, x + 2*r + 5 = -9. Is x - -3 - 2736/(-12) prime?
False
Let j(a) = 125*a**3 - 13*a**2 - 2*a + 121. Is j(6) prime?
True
Let b = -243 - -247. Suppose 3*z - p = -0*z + 15732, -b*z - 2*p + 20986 = 0. Is z prime?
False
Suppose 0 = -g - 5*q + 20, 0 = -22*g + 17*g - 4*q + 37. Let z(r) = 9*r**2 - 31*r + 109. Is z(g) composite?
False
Suppose 0 = -2*h - 3*h + 5, 3*h = -2*v + 7. Suppose 253 - 168 = 17*r. Suppose 2*m + 8907 = 7*m + v*o, -2*m + r*o + 3586 = 0. Is m prime?
True
Let k be 1*28*(-9)/(-18). Let p(r) = 12*r**2 - 8*r - 37. Is p(k) prime?
True
Let r = 57 - 69. Is (r - -14)*4/2 + 5465 a prime number?
False
Let u(y) = 26*y**2 + 11*y - 144. Let f be u(29). Suppose f = -a + 10*a. Is a prime?
False
Suppose r - 4*n = -3399, 2*n = 3*n + 2. Let m = 348 - r. Is m composite?
True
Suppose -6*y + 0*y = -12. Suppose y*t - 5*t = -d - 2675, 4*t - 13408 = 5*d. Let j = d - -5403. Is j prime?
True
Is ((-5652652)/(-228))/((-13)/(-6) + -2) a prime number?
False
Suppose -2*y = -2, -3*s - 5*y - 36 = 4. Let r be (-1 + (-17)/5)/((-3)/s). Let i = 48 + r. Is i composite?
True
Let i be (32/2)/(2 - 3). Let f(s) = -11*s - 63*s + 11*s - 75 - 68*s + 22*s. Is f(i) composite?
False
Let o be (-2)/(1 - (3/(-6) + 2)). Suppose -5 = -3*h + o. Suppose 6135 = 2*d - m, 7*d - h*d + 5*m = 12263. Is d prime?
True
Let d(n) = 3*n**3 - 5*n**2 + 5*n - 7. Let z be d(2). Suppose 10*b = z*b + 3453. Is b prime?
True
Let p be (56/(-98))/(6/(-21)). Suppose -5*v = p*g - 49493, -4*v - 4*g + 45241 = 5649. Is v composite?
True
Let k(o) = o**2 + 18*o + 49. Let x be k(-15). Suppose -11428 = -4*l + x*w, l - 4*w = w + 2849. Is l prime?
False
Let i = -421 - -426. Suppose 45179 = 4*p + 4*n - 10217, 0 = 4*p - i*n - 55432. Is p a composite number?
True
Let m(q) = -2650*q - 189. Is m(-4) prime?
False
Suppose -4*l = -3*i + 3 + 9, 0 = -2*i - l + 19. Is (-2)/(3*i/(-126708)) prime?
True
Let m(o) = 6 + 50 + 36 - 70*o + 52. Is m(-23) prime?
False
Suppose 24*w - 15 = 21*w. Suppose w*r = -0*r - 4*r. Let a(x) = 2*x + 274. Is a(r) composite?
True
Suppose -5*b - 97 = -132, -g + 157524 = -5*b. Is g composite?
False
Suppose 6*q - 2*k - 92530 = 4*q, -5*k = -3*q + 138803. Is q composite?
False
Suppose -116*m = -110*m + 29952. Let u = m - -10211. Is u a prime number?
False
Let g(p) = 4*p - 2. Let k be g(0). Let z = 153 - 109. Is ((-3641)/z)/(k/40) a composite number?
True
Is ((-40)/(-6) - 29/87)*(876 + 3) a composite number?
True
Let h be ((-10)/10)/((-1)/2). Suppose 0*a + h*a - 8 = 0. Is -4 - a*93/(-6) prime?
False
Suppose 6*y + 67 = -29. Let o(c) = 15*c**2 - 3*c - 55. Is o(y) composite?
False
Is 665/(-14)*(-412820)/50 prime?
False
Let n(m) = 6*m**2 - 74*m + 45. Is n(13) composite?
False
Let j be 5/10*20 + -5. Suppose -j*r - 6 = -8*r. Suppose 168 = r*b - 86. Is b a composite number?
False
Let d(q) be the third derivative of q**5/15 - 7*q**4/12 - 233*q**3/6 - q**2 - 34*q. Is d(18) a composite number?
False
Suppose 0 = -4*b + 4*z + 6785796, -985176 = -b - 7*z + 711241. Is b a composite number?
True
Let q be (1 - (4 - 3)) + -4. Let x(h) = 69*h**3 - 6*h**2 + 5*h + 2. Let n(u) = -34*u**3 + 3*u**2 - 3*u - 1. Let j(g) = q*x(g) - 7*n(g). Is j(-3) composite?
False
Suppose 7*j + 1 = 15. Suppose 4*v = -j*m - 6851 + 28153, v - 53228 = -5*m. Is m prime?
False
Suppose 4*g - 5*g = -38. Suppose 5*j + 48 = g. Is 1 - (405/(-20) - j/8) composite?
True
Suppose -3*o - 4*f = -731, -3*o - 110 + 843 = 5*f. Let y = 280 + o. Is y a prime number?
True
Suppose 2*m = 6 + 4. Let l be (-8 + 9 + -1)/(1 + 1). Suppose 75 = f + m*d - 145, 5*f + 3*d - 1078 = l. Is f a composite number?
True
Suppose 5*h - 153 = 2*z, 4*z + 45 = h - 0*h. Suppose 0*k + k + h = -5*i, 2 = -2*i + 2*k. Is (1 - 0/i)*59 composite?
False
Let i = 14364 + -28232. Let m = i + 34150. Is m composite?
True
Let w(y) = 266*y**2 - 75*y - 46. Let r be w(21). Suppose 11*l = -6*l + r. Is l composite?
True
Let w be (-145)/16 + (-104)/(-1664). Let o be ((-56)/12)/(2/(-12)). Let h = o + w. Is h composite?
False
Suppose -2*a - 4 = -3*v + 5*v, -v + 6 = 3*a. Is 5 - (-482 - 0) - v a prime number?
False
Suppose k - 2412 = 3*k. Let l = 2366 + k. Suppose l = 2*m + 2*g, 2*g = -2*g - 12. Is m prime?
False
Let f = 627 + -4490. Let a = f + 6862. Is a a composite number?
False
Let m(z) = 260*z**2 + 76*z - 161. Is m(20) a prime number?
True
Let z(t) = -72549*t + 8698. Is z(-11) a prime number?
True
Let w(d) = 44*d**2 + 29*d + 409. Is w(-18) a composite number?
False
Suppose -r + 10*r = -17361. Let v = r - -4132. Suppose -4*k + 5*n = -5026, 0 = 3*k + n - 1576 - v. Is k a prime number?
True
Suppose -354 = -33*l - 26*l. Let x(g) = 16*g**2 - 4*g - 9. Is x(l) composite?
True
Suppose -347 = -2*m - 3*l, 5*l - 233 + 938 = 4*m. Let y be ((180/(-25))/2)/(15/(-2350)). Let v = y - m. Is v composite?
False
Suppose 7*q = 9*q + 16. Let r be 3 + -5 + 1032 + (-4 - q). Suppose -6*d + r = 140. Is d a prime number?
True
Let t = 2264 - -7236. Suppose -6*n + 57574 = -t. Is n prime?
False
Suppose 889*z - 43043462 = 735*z. Is z a composite number?
True
Suppose 3*b = -2*b - 4*w + 76, 0 = -4*b - 3*w + 60. Let z be (6965/4)/(3/b). Suppose -6*o + 7033 = -z. Is o a composite number?
False
Suppose -2*y + 13 = -9. Suppose -y*m + 10*m + 5035 = 0. Suppose -a - 3*a = -4, 0 = r + 2*a - m. Is r a composite number?
True
Suppose 2*x - m = 109828, -183654 = -3*x + 3*m - 18921. Is x a composite number?
False
Suppose 8*f = -h + 3*f + 3028, -h - 4*f + 3027 = 0. Let m = 4597 - h. Is m composite?
True
Suppose 2580 = 4*f + 4*o, -4*f - 5*o + 2580 = -0*f. Suppose 0 = 2*j - f - 13. Is j a composite number?
True
Suppose 276*o = 318*o - 12870438. Is o a composite number?
True
Let b be 5 + (-1 + 2 - 4). Let q(r) = 4 - 1 - 4*r**2 - 2 + 17*r**b - r. Is q(-5) a composite number?
False
Suppose 23*p - 3980 = 21*p. Suppose -8 = 2*s - l, 0 = 4*s - l - 2*l + 12. Is p - (3 - 6 - s) a prime number?
True
Is (0 + -2)*((-10072991)/1342 + 12/(-22)) a prime number?
True
Suppose -2*m + 3*y + 8 = -y, 0 = 3*m + 5*y - 12. Suppose -2*d + 36467 = k - 33355, -m*k = -16. Is d a prime number?
False
Suppose 49*r + 38*r = 1458903. Is r a composite number?
True
Suppose -3*f + 554 = -2*c, -4*f = c - 295 - 440. Suppose 0 = t + 3*n - 208, t - 5*n = -0*t + f. Is t a composite number?
False
Suppose -2*s + 138646 = -5*k, 17 = -3*k + 5. Is s a prime number?
True
Suppose -16*w = -14*w + 2*q, -3*q - 4 = 2*w. Let s(f) = 52*f**2 + 4*f - 7. Is s(w) composite?
True
Let p be 10/15 + 28/21. Suppose p*m + r = 386, -4*m + 962 = r + 188. Is m prime?
False
Let i(f) be the third derivative of -241*f**4/24 - f**3/2 + 31*f**2. Is i(-2) composite?
False
Suppose 513404 + 115014 = 54*y - 34108. Is y a composite number?
False
Let x(f) = 2*f + 5*f**2 - 19*f - 16 + 23 + 20. Is x(11) composite?
True
Suppose -2*p + 125284 = h - 21087, 2*p - 146373 = h. Suppose 14*c - p + 25628 = 0. Is c a prime number?
False
Is (19/(-38))/(1/(-379702)) a composite number?
False
Let u(p) = 842747*p + 1110. Is u(1) a prime n